mposite?
True
Suppose -3*p = 3*q - 72, -p + 46 - 172 = -5*q. Let j = q - 39. Is (-10090)/j - 6/(-21) a prime number?
False
Let l = -10 + 15. Suppose -l*y + x + 799 = 3*x, -3*y + 5*x + 467 = 0. Is y a composite number?
True
Suppose -3*l + f + 373808 = 0, -l = 17*f - 13*f - 124581. Is l prime?
True
Suppose -7*r + 111866 = 8511. Is r a composite number?
True
Let d be 1/(12/104)*30. Let r = d - 21. Is r prime?
True
Suppose v - 54435 = -4*v. Suppose 0 = 4*j - 5*d - v, j + d - 3146 = -422. Is j a prime number?
False
Let j = -382 + 5237. Suppose 11*m + j - 16053 = 0. Is m a prime number?
False
Let j(m) = 196*m**2 + 5*m - 29. Is j(4) a prime number?
False
Let f = 1 + -1. Suppose 2*v + 3*j = 1075 + 250, j + 3 = f. Is v a prime number?
False
Let u(j) = -j**3 - j**2 - j + 359. Let m be (2 + -2)/(10 + -8). Is u(m) composite?
False
Suppose -i - 5*j = 62 - 579, 5*i - 2*j = 2477. Is i prime?
False
Suppose 2*w - 9*d + 10*d = 8967, 0 = 2*w - d - 8957. Is w composite?
False
Let s = 38628 + -20005. Is s prime?
False
Let x(z) = z - 1. Let m(c) = 1432*c - 4. Let i(j) = m(j) + 3*x(j). Is i(2) prime?
False
Let m(w) = 4*w**2 + 21*w - 39. Is m(22) prime?
False
Let d = 155166 - 74081. Is d a composite number?
True
Is 4926 - ((-25)/(-2))/5*-2 prime?
True
Suppose 0 = 5*w + 3*z - 83, -2*w - 2*z - 84 = -6*w. Let u = -18 + w. Is -3 - -3 - (u - 192) prime?
True
Let g(d) = -d**3 - 15*d**2 + d + 19. Let k be g(-15). Suppose k*c - 8*c = -8. Suppose 0*u + 206 = c*u. Is u a composite number?
False
Let m be 8/(-6)*(-6)/4. Let a be ((-1)/(21/(-9)))/((-2)/(-14)). Is -1 + (a - (-709 + m)) a composite number?
False
Let h(t) = -285*t - 44. Let f(i) = -57*i - 9. Let u(l) = 11*f(l) - 2*h(l). Suppose -5*v + d = 30, -5*v - 30 = -2*d + 6*d. Is u(v) a composite number?
False
Let w(c) = 546*c - 12. Let p be w(5). Suppose p = 3*j - 525. Is j composite?
True
Is 13 + -8 + 13849 - 7 composite?
True
Is -7 - ((-25)/5 + -180) prime?
False
Is 3 + (-88)/(-2 + 3416/1712) a prime number?
False
Is (8/(-24))/(2/(-86586)) prime?
True
Suppose -24768 = -17*w + 309469. Is w composite?
False
Let u(q) = -377*q + 45. Is u(-14) a prime number?
True
Let v(g) be the third derivative of g**6/40 + g**4/24 + 5*g**3/3 - 39*g**2. Is v(4) composite?
True
Suppose 3*m - 10 = -4. Suppose -w - m*w + 8499 = 0. Is w composite?
False
Suppose 0 = -5*k + x + 1364, 3*k - 729 - 88 = 2*x. Suppose 172 = 5*b - k. Is b prime?
True
Suppose 7932 = 4*k + 4*m, -5*k + 9915 = -3*m + 2*m. Suppose 4*o = a + k + 162, 4*o = -5*a + 2163. Is o a prime number?
False
Let q = 9 + -3. Suppose -4*k + 2 + 6 = o, -3*k + q = 0. Suppose 0 = 2*s + n - 151, -4*s + o*n + 299 = n. Is s a prime number?
False
Let j = 23018 - 13641. Is j a composite number?
False
Suppose -26*n + 4 = -22*n. Let x be (n - 1) + 10*57. Suppose -b = 5*w - 550, -w - x = -6*w + 3*b. Is w a composite number?
True
Let b = 40 - 8. Suppose 807 = 5*f + b. Is f prime?
False
Suppose 2*q + 5*f - 414 = 0, 2*q - 5*q + 628 = 4*f. Let y be 0 + (-27)/18 + 51/6. Suppose y*n - 9*n = -q. Is n a prime number?
False
Suppose 60 + 20 = 5*x. Suppose 10*w - 6*w = -x. Is 17532/132 + w/(-22) a prime number?
False
Let d(i) = 19*i**2 - 52*i - 19. Is d(22) prime?
False
Let t = 36664 + -51608. Is ((t/(-12))/4)/(2/3) a prime number?
True
Is 2/(-6) - -114*2316/54 a prime number?
True
Let q(l) = -8 + 156*l**2 - 7*l - 5 - 137*l**2. Is q(-8) a prime number?
True
Let d(w) = 7*w**2 + 7*w - 16. Let p(g) = g**2. Let s(j) = d(j) - 3*p(j). Is s(5) a composite number?
True
Suppose 5*a - 2*a = 0. Suppose -3*o + a*o + 2*g = -1525, o + 2*g - 511 = 0. Is o composite?
False
Is 119870/11 - (-165)/(-605) composite?
True
Let t(p) = 152*p + 15. Suppose -r - 5*q = -9*q - 29, -q - 4 = 0. Is t(r) a prime number?
False
Let y be (3 - 4281)/2 + -1. Let f = 71 - 59. Is (y/16)/((-3)/f) prime?
False
Suppose -16*a + 1193 = j - 17*a, 4*a + 3583 = 3*j. Is j composite?
True
Suppose 0 = -7*f + 159351 + 104731. Suppose 12*b = -5098 + f. Is b a composite number?
False
Let k be -3 + 4/(12/159). Suppose -6*r + k = -1492. Is r prime?
True
Let z = 5579 + 2684. Is z a composite number?
False
Let c = 73782 + -27461. Is c composite?
True
Let n(h) = h**3 + 17*h**2 + 16*h - 18. Let y be n(-16). Let q = y + 15. Is 1534/3 - q/(-9) composite?
True
Let n(p) be the first derivative of -2*p**2 + 4*p + 7. Let d be n(4). Is d/(-42) + (-1074)/(-14) composite?
True
Suppose t + 4 - 10 = -3*k, -3*k = 3*t. Suppose -k*f + 4 + 2 = 0. Suppose 4*v + 4*g = 224 + 88, 0 = -4*v - f*g + 314. Is v prime?
True
Suppose 0 = d - 2737 + 486. Let p = -1532 + d. Is p a composite number?
False
Suppose -5*m = -4*z + 34547, 19975 - 2712 = 2*z + m. Is z a prime number?
False
Is (-14)/(-84) - (-321284)/24 prime?
False
Let a be (8/(-6))/((-102)/18 - -5). Suppose 2*n + c - 793 = 0, a*c - 792 = -2*n - 0*c. Is n a composite number?
False
Suppose 4*x - 5 = -p + 3, -2*x - 10 = -3*p. Is x/(-2) + 1 - 9683/(-46) composite?
False
Suppose 2*r + 16*o - 18*o - 1356 = 0, 15 = -3*o. Is r composite?
False
Is -2*(0 - (-9527)/(-14)) composite?
False
Suppose 2*c + 3*i - 5705 = 0, 0*c - 4*i = -3*c + 8515. Is c prime?
False
Suppose -s = -12*s + 4543. Let t = s + 446. Is t a prime number?
True
Suppose -3*s - q = -4, 11 = -3*s - 4*q - 0. Suppose -s*v + v + 246 = 0. Is v prime?
False
Let d = 699 - 72. Let l = 62 + d. Is l prime?
False
Suppose -3*q + 2*q + 6 = 0. Let i = -492 - -904. Suppose 5*u + 5 = 0, -q*f + i = -f + 3*u. Is f a composite number?
False
Suppose 0*p - 5*v = 4*p - 92, -v + 4 = 0. Let h be (-12)/18*p/(-4). Suppose -3*n - 8*w + 1516 = -3*w, h*n + 2*w = 1501. Is n composite?
True
Let j(h) = 911*h**3 - 4*h + 3. Is j(2) a prime number?
True
Let h(a) = -1592*a**3 - 2*a**2 - a. Let q(b) = -8*b - 49. Let m be q(-6). Is h(m) composite?
True
Let w be 4/(((-8)/2)/(-1)). Is 77*w/(-3)*-3 a composite number?
True
Suppose 4*x + 4*h = h + 13789, -5*h = -3*x + 10349. Let a = x - 2235. Is a a prime number?
True
Let d(q) be the second derivative of 17*q**4/12 - q**3/3 + 9*q**2/2 - 9*q. Is d(10) prime?
False
Suppose 0*d = -3*p + 3*d, -15 = -5*d. Suppose 4*j - 671 = p*j. Is j prime?
False
Let v = -2000 - -3777. Is v a prime number?
True
Suppose 18*l - 27320 = 10*l. Is l prime?
False
Let r(b) = b**3 - 6*b**2 - 10*b + 82. Is r(10) a prime number?
False
Let y(x) = -3*x + 3. Let k be y(-2). Let f = k - 6. Suppose f*p + 21 = 456. Is p a prime number?
False
Is (-14)/35 - (2 - 24602/5) a composite number?
True
Suppose -16*x = -15*x - 4. Suppose -x*p + 12511 = -0*s + 5*s, -5*s + 12514 = p. Is s a prime number?
True
Let n(m) = 6*m + 0 + 7 - 13*m - 3. Let t(j) = -2*j**2 - 2*j - 3. Let g be t(-2). Is n(g) a composite number?
False
Let o(x) = -2*x + 8. Let d be o(-6). Suppose -3*n = n - d. Let h(y) = y**2 + 6*y - 2. Is h(n) a composite number?
False
Let q(l) = 4*l**2 + 5*l - 6. Let d be q(5). Is (1*(d - 4))/1 a composite number?
True
Let o(k) = -k**3 - 6*k**2 + k - 3. Let u be o(-6). Suppose g - 7 = -1. Is (g/u)/(4/(-318)) composite?
False
Let v(i) = i**3 - 21*i**2 + 34*i - 41. Is v(21) prime?
True
Is (0 + -3)*((-11284)/21 + -3) a composite number?
False
Let x(h) = 4357*h + 40. Is x(7) a prime number?
True
Suppose 63*s - 7083172 = -29*s. Is s a composite number?
False
Let a(m) = -m**2 + 15*m - 10. Let k be a(14). Let t = k - 6. Is -7 - -13 - (1 + t) composite?
False
Let r(q) = 585*q**2 + 2*q. Suppose 3*d - 20 = 5*l, -3*d + 6 = l - 8. Is r(l) a composite number?
True
Let j be (-10)/5*1*9/(-6). Is (-54)/12*(-2)/j + 766 a composite number?
False
Suppose -17 = 4*l - 5, 3 = 2*b + l. Is (0 + -59)/(2 - b) a composite number?
False
Let b(u) = u + 19. Let s be b(-6). Let m = 17 - s. Suppose -m*y - 23 = -235. Is y composite?
False
Suppose m + 3154 = d, 0 = 3*d + d - 6*m - 12608. Is d prime?
False
Suppose -5*m - 17320 = -2*o - 2729, m = -3*o + 21912. Is o a composite number?
True
Is ((-3)/(-4))/1 - 60075/(-108) a prime number?
True
Is 6/4*(-3001272)/(-36) prime?
True
Let x = 203 + 296. Is x prime?
True
Suppose 0 = -10*y + 13*y - 33. Let c = -6 + y. Is 35/c*(3 - 2) prime?
True
Is 46478 - 91 - ((1 - 2) + 7) a composite number?
False
Suppose -4*l + 4928 = 4*l. Let p = l - -279. Is p a composite number?
True
Suppose 0*h = 6*h - 6. Suppose n + 6 = -2*w, -4*n - 4*w = 5 - h. Suppose 5*k = 5*b - 385, -8*b + 310 = -n*b - 3*k. Is b prime?
True
Suppo